{"id":1806,"date":"2022-07-10T12:40:15","date_gmt":"2022-07-10T10:40:15","guid":{"rendered":"https:\/\/www.smzychlin.pl\/?page_id=1806"},"modified":"2025-06-24T18:37:19","modified_gmt":"2025-06-24T16:37:19","slug":"walne-zgromadzenie","status":"publish","type":"page","link":"https:\/\/www.smzychlin.pl\/index.php\/walne-zgromadzenie\/","title":{"rendered":"Walne Zgromadzenie"},"content":{"rendered":"\t\t<div data-elementor-type=\"wp-page\" data-elementor-id=\"1806\" class=\"elementor elementor-1806\">\n\t\t\t\t<div class=\"elementor-element elementor-element-b6187b2 e-flex e-con-boxed e-con e-parent\" data-id=\"b6187b2\" data-element_type=\"container\" data-e-type=\"container\">\n\t\t\t\t\t<div class=\"e-con-inner\">\n\t\t\t\t<div class=\"elementor-element elementor-element-8c0a8c7 elementor-widget elementor-widget-text-editor\" data-id=\"8c0a8c7\" data-element_type=\"widget\" data-e-type=\"widget\" data-widget_type=\"text-editor.default\">\n\t\t\t\t<div class=\"elementor-widget-container\">\n\t\t\t\t\t\t\t\t\t<p>Walne Zgromadzenie &#8211; 13 czerwiec 2025<\/p><p><\/p>\t\t\t\t\t\t\t\t<\/div>\n\t\t\t\t<\/div>\n\t\t\t\t\t<\/div>\n\t\t\t\t<\/div>\n\t\t<div class=\"elementor-element elementor-element-d77b08d e-flex e-con-boxed e-con e-parent\" data-id=\"d77b08d\" data-element_type=\"container\" data-e-type=\"container\">\n\t\t\t\t\t<div class=\"e-con-inner\">\n\t\t\t\t<div class=\"elementor-element elementor-element-3aaee48 elementor-widget elementor-widget-text-editor\" data-id=\"3aaee48\" data-element_type=\"widget\" data-e-type=\"widget\" data-widget_type=\"text-editor.default\">\n\t\t\t\t<div class=\"elementor-widget-container\">\n\t\t\t\t\t\t\t\t\t<p><a href=\"https:\/\/www.smzychlin.pl\/wp-content\/uploads\/2025\/06\/Uchwala-Nr-1.pdf\">Uchwa\u0142a Nr 1<\/a><\/p><p><a href=\"https:\/\/www.smzychlin.pl\/wp-content\/uploads\/2025\/06\/Uchwala-Nr-2.pdf\">Uchwa\u0142a Nr 2<\/a><\/p><p><a href=\"https:\/\/www.smzychlin.pl\/wp-content\/uploads\/2025\/06\/Uchwala-Nr-3.pdf\">Uchwa\u0142a Nr 3<\/a><\/p><p><a href=\"https:\/\/www.smzychlin.pl\/wp-content\/uploads\/2025\/06\/Uchwala-Nr-4.pdf\">Uchwa\u0142a Nr 4<\/a><\/p><p><a href=\"https:\/\/www.smzychlin.pl\/wp-content\/uploads\/2025\/06\/Uchwala-Nr-5.pdf\">Uchwa\u0142a Nr 5<\/a><\/p><p><a href=\"https:\/\/www.smzychlin.pl\/wp-content\/uploads\/2025\/06\/Uchwala-Nr-6.pdf\">Uchwa\u0142a Nr 6<\/a><\/p><p><a href=\"https:\/\/www.smzychlin.pl\/wp-content\/uploads\/2025\/06\/Uchwala-Nr-7.pdf\">Uchwa\u0142a Nr 7<\/a><\/p><p><a href=\"https:\/\/www.smzychlin.pl\/wp-content\/uploads\/2025\/06\/Kierunki-dzialania-Zarzadu-na-2025-rok.pdf\">Kierunki dzia\u0142ania Zarz\u0105du na 2025 rok<\/a><\/p><p><a href=\"https:\/\/www.smzychlin.pl\/wp-content\/uploads\/2025\/06\/Realizacja-wnioskow-polustracyjnych.pdf\">Realizacja wniosk\u00f3w polustracyjnych<\/a><\/p><p><a href=\"https:\/\/www.smzychlin.pl\/wp-content\/uploads\/2025\/06\/Sprawozdanie-Rady-Nadzorczej.pdf\">Sprawozdanie Rady Nadzorczej<\/a><\/p><p><a href=\"https:\/\/www.smzychlin.pl\/wp-content\/uploads\/2025\/06\/Sprawozdanie-Zarzadu.pdf\">Sprawozdanie Zarz\u0105du<\/a><\/p><p><\/p>\t\t\t\t\t\t\t\t<\/div>\n\t\t\t\t<\/div>\n\t\t\t\t\t<\/div>\n\t\t\t\t<\/div>\n\t\t<div class=\"elementor-element elementor-element-ed229e5 e-flex e-con-boxed e-con e-parent\" data-id=\"ed229e5\" data-element_type=\"container\" data-e-type=\"container\">\n\t\t\t\t\t<div class=\"e-con-inner\">\n\t\t\t\t<div class=\"elementor-element elementor-element-e031cec elementor-widget elementor-widget-text-editor\" data-id=\"e031cec\" data-element_type=\"widget\" data-e-type=\"widget\" data-widget_type=\"text-editor.default\">\n\t\t\t\t<div class=\"elementor-widget-container\">\n\t\t\t\t\t\t\t\t\t<p><a href=\"https:\/\/www.smzychlin.pl\/wp-content\/uploads\/2025\/05\/Zawiadomienie-Walne-Zgromadzenie-1.pdf\">Zawiadomienie Walne Zgromadzenie<\/a><\/p><p><a href=\"https:\/\/www.smzychlin.pl\/wp-content\/uploads\/2025\/05\/Zgloszenie-kandydata-do-Rady-Nadzorczej-SM-w-Zychlinie.pdf\">Zg\u0142oszenie kandydata do Rady Nadzorczej SM w \u017bychlinie<\/a><\/p><p><a href=\"https:\/\/www.smzychlin.pl\/wp-content\/uploads\/2025\/05\/pelnomocnictwo.pdf\">Pe\u0142nomocnictwo<\/a><\/p><p><\/p>\t\t\t\t\t\t\t\t<\/div>\n\t\t\t\t<\/div>\n\t\t\t\t\t<\/div>\n\t\t\t\t<\/div>\n\t\t<div class=\"elementor-element elementor-element-dcc0c4a e-flex e-con-boxed e-con e-parent\" data-id=\"dcc0c4a\" data-element_type=\"container\" data-e-type=\"container\">\n\t\t\t\t\t<div class=\"e-con-inner\">\n\t\t\t\t<div class=\"elementor-element elementor-element-96ffc29 elementor-widget elementor-widget-text-editor\" data-id=\"96ffc29\" data-element_type=\"widget\" data-e-type=\"widget\" data-widget_type=\"text-editor.default\">\n\t\t\t\t<div class=\"elementor-widget-container\">\n\t\t\t\t\t\t\t\t\t<p>Uchwa\u0142y Walnego Zgromadzenia z dnia 14 czerwca 2024 roku<\/p>\t\t\t\t\t\t\t\t<\/div>\n\t\t\t\t<\/div>\n\t\t\t\t\t<\/div>\n\t\t\t\t<\/div>\n\t\t<div class=\"elementor-element elementor-element-f1182ce e-flex e-con-boxed e-con e-parent\" data-id=\"f1182ce\" data-element_type=\"container\" data-e-type=\"container\">\n\t\t\t\t\t<div class=\"e-con-inner\">\n\t\t\t\t<div class=\"elementor-element elementor-element-3bb4d82 elementor-widget elementor-widget-text-editor\" data-id=\"3bb4d82\" data-element_type=\"widget\" data-e-type=\"widget\" data-widget_type=\"text-editor.default\">\n\t\t\t\t<div class=\"elementor-widget-container\">\n\t\t\t\t\t\t\t\t\t<p><a href=\"https:\/\/www.smzychlin.pl\/wp-content\/uploads\/2024\/07\/Uchwala-nr-1.pdf\">Uchwa\u0142a nr 1<\/a><\/p><p><a href=\"https:\/\/www.smzychlin.pl\/wp-content\/uploads\/2024\/07\/Uchwala-nr-2.pdf\">Uchwa\u0142a nr 2<\/a><\/p><p><a href=\"https:\/\/www.smzychlin.pl\/wp-content\/uploads\/2024\/07\/Uchwala-nr-3.pdf\">Uchwa\u0142a nr 3<\/a><\/p><p><a href=\"https:\/\/www.smzychlin.pl\/wp-content\/uploads\/2024\/07\/Uchwala-nr-4.pdf\">Uchwa\u0142a nr 4<\/a><\/p><p><a href=\"https:\/\/www.smzychlin.pl\/wp-content\/uploads\/2024\/07\/Uchwala-nr-5.pdf\">Uchwa\u0142a nr 5<\/a><\/p><p><a href=\"https:\/\/www.smzychlin.pl\/wp-content\/uploads\/2024\/07\/Uchwala-nr-6.pdf\">Uchwa\u0142a nr 6<\/a><\/p><p><a href=\"https:\/\/www.smzychlin.pl\/wp-content\/uploads\/2024\/07\/Uchwala-nr-7.pdf\">Uchwa\u0142a nr 7<\/a><\/p><p><a href=\"https:\/\/www.smzychlin.pl\/wp-content\/uploads\/2024\/07\/Uchwala-nr-8.pdf\">Uchwa\u0142a nr 8<\/a><\/p><p><a href=\"https:\/\/www.smzychlin.pl\/wp-content\/uploads\/2024\/07\/Uchwala-nr-9.pdf\">Uchwa\u0142a nr 9<\/a><\/p><p><a href=\"https:\/\/www.smzychlin.pl\/wp-content\/uploads\/2024\/07\/Zamierzenia-i-plany-Spoldzielni-.pdf\">Zamierzenia i plany Sp\u00f3\u0142dzielni<\/a><\/p><p><a href=\"https:\/\/www.smzychlin.pl\/wp-content\/uploads\/2024\/07\/Sprawozdanie-Zarzadu.pdf\">Sprawozdanie Zarz\u0105du<\/a><\/p><p><a href=\"https:\/\/www.smzychlin.pl\/wp-content\/uploads\/2024\/07\/Sprawozdanie-z-dzialalnosci-Rady-Nadzorczej.pdf\">Sprawozdanie z dzia\u0142alno\u015bci Rady Nadzorczej<\/a><\/p><p><\/p>\t\t\t\t\t\t\t\t<\/div>\n\t\t\t\t<\/div>\n\t\t\t\t\t<\/div>\n\t\t\t\t<\/div>\n\t\t<div class=\"elementor-element elementor-element-e0875c0 e-flex e-con-boxed e-con e-parent\" data-id=\"e0875c0\" data-element_type=\"container\" data-e-type=\"container\">\n\t\t\t\t\t<div class=\"e-con-inner\">\n\t\t\t\t<div class=\"elementor-element elementor-element-2a51117 elementor-widget elementor-widget-text-editor\" data-id=\"2a51117\" data-element_type=\"widget\" data-e-type=\"widget\" data-widget_type=\"text-editor.default\">\n\t\t\t\t<div class=\"elementor-widget-container\">\n\t\t\t\t\t\t\t\t\t<p>Uchwa\u0142y Walnego Zgromadzenia z dnia 16 czerwca 2023 roku<\/p>\t\t\t\t\t\t\t\t<\/div>\n\t\t\t\t<\/div>\n\t\t\t\t\t<\/div>\n\t\t\t\t<\/div>\n\t\t<div class=\"elementor-element elementor-element-6dc645e e-flex e-con-boxed e-con e-parent\" data-id=\"6dc645e\" data-element_type=\"container\" data-e-type=\"container\">\n\t\t\t\t\t<div class=\"e-con-inner\">\n\t\t\t\t<div class=\"elementor-element elementor-element-3091bc6 elementor-widget elementor-widget-text-editor\" data-id=\"3091bc6\" data-element_type=\"widget\" data-e-type=\"widget\" data-widget_type=\"text-editor.default\">\n\t\t\t\t<div class=\"elementor-widget-container\">\n\t\t\t\t\t\t\t\t\t<p><a href=\"https:\/\/www.smzychlin.pl\/wp-content\/uploads\/2023\/06\/uchwala-nr1.pdf\">uchwa\u0142a nr1<\/a><\/p>\n<p><a href=\"https:\/\/www.smzychlin.pl\/wp-content\/uploads\/2023\/06\/uchwala-nr2.pdf\">uchwa\u0142a nr2<\/a><\/p>\n<p><a href=\"https:\/\/www.smzychlin.pl\/wp-content\/uploads\/2023\/06\/uchwala-nr3.pdf\">uchwa\u0142a nr3<\/a><\/p>\n<p><a href=\"https:\/\/www.smzychlin.pl\/wp-content\/uploads\/2023\/06\/uchwala-nr4.pdf\">uchwa\u0142a nr4<\/a><\/p>\n<p><a href=\"https:\/\/www.smzychlin.pl\/wp-content\/uploads\/2023\/06\/uchwala-nr5.pdf\">uchwa\u0142a nr5<\/a><\/p>\n<p><a href=\"https:\/\/www.smzychlin.pl\/wp-content\/uploads\/2023\/06\/uchwala-nr6.pdf\">uchwa\u0142a nr6<\/a><\/p>\n<p><a href=\"https:\/\/www.smzychlin.pl\/wp-content\/uploads\/2023\/06\/uchwala-nr7.pdf\">uchwa\u0142a nr7<\/a><\/p>\n<p><a href=\"https:\/\/www.smzychlin.pl\/wp-content\/uploads\/2023\/06\/uchwala-nr8.pdf\">uchwa\u0142a nr8<\/a><\/p>\n<p><a href=\"https:\/\/www.smzychlin.pl\/wp-content\/uploads\/2023\/06\/uchwala-nr9.pdf\">uchwa\u0142a nr9<\/a><\/p>\n<p><\/p>\t\t\t\t\t\t\t\t<\/div>\n\t\t\t\t<\/div>\n\t\t\t\t\t<\/div>\n\t\t\t\t<\/div>\n\t\t<div class=\"elementor-element elementor-element-ab972c1 e-flex e-con-boxed e-con e-parent\" data-id=\"ab972c1\" data-element_type=\"container\" data-e-type=\"container\">\n\t\t\t\t\t<div class=\"e-con-inner\">\n\t\t\t\t<div class=\"elementor-element elementor-element-84ee51c elementor-widget elementor-widget-text-editor\" data-id=\"84ee51c\" data-element_type=\"widget\" data-e-type=\"widget\" data-widget_type=\"text-editor.default\">\n\t\t\t\t<div class=\"elementor-widget-container\">\n\t\t\t\t\t\t\t\t\t<p><a href=\"https:\/\/www.smzychlin.pl\/wp-content\/uploads\/2023\/06\/Zamierzenia-i-plany.pdf\">Zamierzenia i plany na rok 2023<\/a><\/p>\t\t\t\t\t\t\t\t<\/div>\n\t\t\t\t<\/div>\n\t\t\t\t\t<\/div>\n\t\t\t\t<\/div>\n\t\t<div class=\"elementor-element elementor-element-7d1e43e e-flex e-con-boxed e-con e-parent\" data-id=\"7d1e43e\" data-element_type=\"container\" data-e-type=\"container\">\n\t\t\t\t\t<div class=\"e-con-inner\">\n\t\t\t\t<div class=\"elementor-element elementor-element-042860c elementor-widget elementor-widget-text-editor\" data-id=\"042860c\" data-element_type=\"widget\" data-e-type=\"widget\" data-widget_type=\"text-editor.default\">\n\t\t\t\t<div class=\"elementor-widget-container\">\n\t\t\t\t\t\t\t\t\t<p><a href=\"https:\/\/www.smzychlin.pl\/wp-content\/uploads\/2023\/06\/sprawozdanie-rady-nadzorczej.pdf\">Sprawozdanie Rady Nadzorczej<\/a><\/p>\t\t\t\t\t\t\t\t<\/div>\n\t\t\t\t<\/div>\n\t\t\t\t\t<\/div>\n\t\t\t\t<\/div>\n\t\t<div class=\"elementor-element elementor-element-c52348e e-flex e-con-boxed e-con e-parent\" data-id=\"c52348e\" data-element_type=\"container\" data-e-type=\"container\">\n\t\t\t\t\t<div class=\"e-con-inner\">\n\t\t\t\t<div class=\"elementor-element elementor-element-b603cfd elementor-widget elementor-widget-text-editor\" data-id=\"b603cfd\" data-element_type=\"widget\" data-e-type=\"widget\" data-widget_type=\"text-editor.default\">\n\t\t\t\t<div class=\"elementor-widget-container\">\n\t\t\t\t\t\t\t\t\t<p><a href=\"https:\/\/www.smzychlin.pl\/wp-content\/uploads\/2023\/06\/wnioski-polustracyjne.pdf\">Wnioski polustracyjne<\/a><\/p>\t\t\t\t\t\t\t\t<\/div>\n\t\t\t\t<\/div>\n\t\t\t\t\t<\/div>\n\t\t\t\t<\/div>\n\t\t<div class=\"elementor-element elementor-element-7482239 e-flex e-con-boxed e-con e-parent\" data-id=\"7482239\" data-element_type=\"container\" data-e-type=\"container\">\n\t\t\t\t\t<div class=\"e-con-inner\">\n\t\t\t\t<div class=\"elementor-element elementor-element-0ec8907 elementor-widget elementor-widget-text-editor\" data-id=\"0ec8907\" data-element_type=\"widget\" data-e-type=\"widget\" data-widget_type=\"text-editor.default\">\n\t\t\t\t<div class=\"elementor-widget-container\">\n\t\t\t\t\t\t\t\t\t<p><a href=\"https:\/\/www.smzychlin.pl\/wp-content\/uploads\/2023\/06\/realizacja-uchwal-i-wnioskow.pdf\">Realizacja uchwa\u0142 i wniosk\u00f3w<\/a><\/p>\t\t\t\t\t\t\t\t<\/div>\n\t\t\t\t<\/div>\n\t\t\t\t\t<\/div>\n\t\t\t\t<\/div>\n\t\t<div class=\"elementor-element elementor-element-3636244 e-flex e-con-boxed e-con e-parent\" data-id=\"3636244\" data-element_type=\"container\" data-e-type=\"container\">\n\t\t\t\t\t<div class=\"e-con-inner\">\n\t\t\t\t<div class=\"elementor-element elementor-element-eb6f4b7 elementor-widget elementor-widget-text-editor\" data-id=\"eb6f4b7\" data-element_type=\"widget\" data-e-type=\"widget\" data-widget_type=\"text-editor.default\">\n\t\t\t\t<div class=\"elementor-widget-container\">\n\t\t\t\t\t\t\t\t\t<p><a href=\"https:\/\/www.smzychlin.pl\/wp-content\/uploads\/2023\/06\/sprawozdanie-zarzadu-1.pdf\">Sprawozdanie Zarz\u0105du za rok 2022<\/a><\/p>\t\t\t\t\t\t\t\t<\/div>\n\t\t\t\t<\/div>\n\t\t\t\t\t<\/div>\n\t\t\t\t<\/div>\n\t\t\t\t<section class=\"elementor-section elementor-top-section elementor-element elementor-element-d5bee17 elementor-section-boxed elementor-section-height-default elementor-section-height-default\" data-id=\"d5bee17\" data-element_type=\"section\" data-e-type=\"section\">\n\t\t\t\t\t\t<div class=\"elementor-container elementor-column-gap-default\">\n\t\t\t\t\t<div class=\"elementor-column elementor-col-100 elementor-top-column elementor-element elementor-element-70c13d6\" data-id=\"70c13d6\" data-element_type=\"column\" data-e-type=\"column\">\n\t\t\t<div class=\"elementor-widget-wrap elementor-element-populated\">\n\t\t\t\t\t\t<div class=\"elementor-element elementor-element-c4f1ded elementor-widget elementor-widget-text-editor\" data-id=\"c4f1ded\" data-element_type=\"widget\" data-e-type=\"widget\" data-widget_type=\"text-editor.default\">\n\t\t\t\t<div class=\"elementor-widget-container\">\n\t\t\t\t\t\t\t\t\t<p><a href=\"https:\/\/www.smzychlin.pl\/wp-content\/uploads\/2022\/07\/Sprawozdanie-Zarzadu-za-2021-r.pdf\">Sprawozdanie Zarz\u0105du za 2021 r<\/a><\/p>\t\t\t\t\t\t\t\t<\/div>\n\t\t\t\t<\/div>\n\t\t\t\t\t<\/div>\n\t\t<\/div>\n\t\t\t\t\t<\/div>\n\t\t<\/section>\n\t\t\t\t<section class=\"elementor-section elementor-top-section elementor-element elementor-element-5b13dd1 elementor-section-boxed elementor-section-height-default elementor-section-height-default\" data-id=\"5b13dd1\" data-element_type=\"section\" data-e-type=\"section\">\n\t\t\t\t\t\t<div class=\"elementor-container elementor-column-gap-default\">\n\t\t\t\t\t<div class=\"elementor-column elementor-col-100 elementor-top-column elementor-element elementor-element-59ad1f7\" data-id=\"59ad1f7\" data-element_type=\"column\" data-e-type=\"column\">\n\t\t\t<div class=\"elementor-widget-wrap elementor-element-populated\">\n\t\t\t\t\t\t<div class=\"elementor-element elementor-element-842ff02 elementor-widget elementor-widget-text-editor\" data-id=\"842ff02\" data-element_type=\"widget\" data-e-type=\"widget\" data-widget_type=\"text-editor.default\">\n\t\t\t\t<div class=\"elementor-widget-container\">\n\t\t\t\t\t\t\t\t\t<p><a href=\"https:\/\/www.smzychlin.pl\/wp-content\/uploads\/2022\/07\/Sprawozdanie-RN-SM-w-Zychlinie-za-2021-r.pdf\">Sprawozdanie RN SM w \u017bychlinie za 2021 r<\/a><\/p>\t\t\t\t\t\t\t\t<\/div>\n\t\t\t\t<\/div>\n\t\t\t\t\t<\/div>\n\t\t<\/div>\n\t\t\t\t\t<\/div>\n\t\t<\/section>\n\t\t\t\t<section class=\"elementor-section elementor-top-section elementor-element elementor-element-e62d6c7 elementor-section-boxed elementor-section-height-default elementor-section-height-default\" data-id=\"e62d6c7\" data-element_type=\"section\" data-e-type=\"section\">\n\t\t\t\t\t\t<div class=\"elementor-container elementor-column-gap-default\">\n\t\t\t\t\t<div class=\"elementor-column elementor-col-100 elementor-top-column elementor-element elementor-element-de4052b\" data-id=\"de4052b\" data-element_type=\"column\" data-e-type=\"column\">\n\t\t\t<div class=\"elementor-widget-wrap elementor-element-populated\">\n\t\t\t\t\t\t<div class=\"elementor-element elementor-element-b6ca93a elementor-widget elementor-widget-text-editor\" data-id=\"b6ca93a\" data-element_type=\"widget\" data-e-type=\"widget\" data-widget_type=\"text-editor.default\">\n\t\t\t\t<div class=\"elementor-widget-container\">\n\t\t\t\t\t\t\t\t\t<p><a href=\"https:\/\/www.smzychlin.pl\/wp-content\/uploads\/2022\/07\/List-polustracyjny.pdf\">List polustracyjny<\/a><\/p>\t\t\t\t\t\t\t\t<\/div>\n\t\t\t\t<\/div>\n\t\t\t\t\t<\/div>\n\t\t<\/div>\n\t\t\t\t\t<\/div>\n\t\t<\/section>\n\t\t\t\t<section class=\"elementor-section elementor-top-section elementor-element elementor-element-c45df00 elementor-section-boxed elementor-section-height-default elementor-section-height-default\" data-id=\"c45df00\" data-element_type=\"section\" data-e-type=\"section\">\n\t\t\t\t\t\t<div class=\"elementor-container elementor-column-gap-default\">\n\t\t\t\t\t<div class=\"elementor-column elementor-col-100 elementor-top-column elementor-element elementor-element-e532e48\" data-id=\"e532e48\" data-element_type=\"column\" data-e-type=\"column\">\n\t\t\t<div class=\"elementor-widget-wrap elementor-element-populated\">\n\t\t\t\t\t\t<div class=\"elementor-element elementor-element-1ee1d5b elementor-widget elementor-widget-text-editor\" data-id=\"1ee1d5b\" data-element_type=\"widget\" data-e-type=\"widget\" data-widget_type=\"text-editor.default\">\n\t\t\t\t<div class=\"elementor-widget-container\">\n\t\t\t\t\t\t\t\t\t<p><a href=\"https:\/\/www.smzychlin.pl\/wp-content\/uploads\/2022\/07\/Zamierzenia-SM-w-Zychlinie-na-2022-r.pdf\">Zamierzenia SM w \u017bychlinie na 2022 r<\/a><\/p>\t\t\t\t\t\t\t\t<\/div>\n\t\t\t\t<\/div>\n\t\t\t\t\t<\/div>\n\t\t<\/div>\n\t\t\t\t\t<\/div>\n\t\t<\/section>\n\t\t\t\t<section class=\"elementor-section elementor-top-section elementor-element elementor-element-adb6ac5 elementor-section-boxed elementor-section-height-default elementor-section-height-default\" data-id=\"adb6ac5\" data-element_type=\"section\" data-e-type=\"section\">\n\t\t\t\t\t\t<div class=\"elementor-container elementor-column-gap-default\">\n\t\t\t\t\t<div class=\"elementor-column elementor-col-100 elementor-top-column elementor-element elementor-element-25a8ade\" data-id=\"25a8ade\" data-element_type=\"column\" data-e-type=\"column\">\n\t\t\t<div class=\"elementor-widget-wrap elementor-element-populated\">\n\t\t\t\t\t\t<div class=\"elementor-element elementor-element-485ed7e elementor-widget elementor-widget-text-editor\" data-id=\"485ed7e\" data-element_type=\"widget\" data-e-type=\"widget\" data-widget_type=\"text-editor.default\">\n\t\t\t\t<div class=\"elementor-widget-container\">\n\t\t\t\t\t\t\t\t\t<p>Uchwa\u0142y Walnego Zgromadzenia<\/p>\n<p><a href=\"https:\/\/www.smzychlin.pl\/wp-content\/uploads\/2022\/07\/Uchwala-nr-1.pdf\">Uchwa\u0142a nr 1<\/a><\/p>\n<p><a href=\"https:\/\/www.smzychlin.pl\/wp-content\/uploads\/2022\/07\/Uchwala-nr-2.pdf\">Uchwa\u0142a nr 2<\/a><\/p>\n<p><a href=\"https:\/\/www.smzychlin.pl\/wp-content\/uploads\/2022\/07\/Uchwala-nr-3.pdf\">Uchwa\u0142a nr 3<\/a><\/p>\n<p><a href=\"https:\/\/www.smzychlin.pl\/wp-content\/uploads\/2022\/07\/Uchwala-nr-4.pdf\">Uchwa\u0142a nr 4<\/a><\/p>\n<p><a href=\"https:\/\/www.smzychlin.pl\/wp-content\/uploads\/2022\/07\/Uchwala-nr-5.pdf\">Uchwa\u0142a nr 5<\/a><\/p>\n<p><a href=\"https:\/\/www.smzychlin.pl\/wp-content\/uploads\/2022\/07\/Uchwala-nr-6.pdf\">Uchwa\u0142a nr 6<\/a><\/p>\n<p><a href=\"https:\/\/www.smzychlin.pl\/wp-content\/uploads\/2022\/07\/Uchwala-nr-7.pdf\">Uchwa\u0142a nr 7<\/a><\/p>\n<p><\/p>\n<p><a href=\"https:\/\/www.smzychlin.pl\/wp-content\/uploads\/2022\/07\/Uchwala-nr-8.pdf\">Uchwa\u0142a nr 8<\/a><\/p>\n<p><\/p>\n<p><a href=\"https:\/\/www.smzychlin.pl\/wp-content\/uploads\/2022\/07\/Uchwala-nr-9.pdf\">Uchwa\u0142a nr 9<\/a><\/p><p><a href=\"https:\/\/www.smzychlin.pl\/wp-content\/uploads\/2022\/07\/Uchwala-nr-10.pdf\">Uchwa\u0142a nr 10<\/a><\/p>\n<p><\/p>\n<div><\/div>\n<div><\/div>\n<div><\/div>\t\t\t\t\t\t\t\t<\/div>\n\t\t\t\t<\/div>\n\t\t\t\t\t<\/div>\n\t\t<\/div>\n\t\t\t\t\t<\/div>\n\t\t<\/section>\n\t\t\t\t<\/div>\n\t\t","protected":false},"excerpt":{"rendered":"<p>Walne Zgromadzenie &#8211; 13 czerwiec 2025 Uchwa\u0142a Nr 1 Uchwa\u0142a Nr 2 Uchwa\u0142a Nr 3 Uchwa\u0142a Nr 4 Uchwa\u0142a Nr 5 Uchwa\u0142a Nr 6 Uchwa\u0142a Nr 7 Kierunki dzia\u0142ania Zarz\u0105du na 2025 rok Realizacja wniosk\u00f3w polustracyjnych Sprawozdanie Rady Nadzorczej Sprawozdanie Zarz\u0105du Zawiadomienie Walne Zgromadzenie Zg\u0142oszenie kandydata do Rady Nadzorczej SM [&hellip;]<\/p>\n","protected":false},"author":2,"featured_media":0,"parent":0,"menu_order":0,"comment_status":"closed","ping_status":"closed","template":"","meta":{"_themeisle_gutenberg_block_has_review":false,"two_page_speed":[],"footnotes":""},"class_list":["post-1806","page","type-page","status-publish","hentry"],"_links":{"self":[{"href":"https:\/\/www.smzychlin.pl\/index.php\/wp-json\/wp\/v2\/pages\/1806","targetHints":{"allow":["GET"]}}],"collection":[{"href":"https:\/\/www.smzychlin.pl\/index.php\/wp-json\/wp\/v2\/pages"}],"about":[{"href":"https:\/\/www.smzychlin.pl\/index.php\/wp-json\/wp\/v2\/types\/page"}],"author":[{"embeddable":true,"href":"https:\/\/www.smzychlin.pl\/index.php\/wp-json\/wp\/v2\/users\/2"}],"replies":[{"embeddable":true,"href":"https:\/\/www.smzychlin.pl\/index.php\/wp-json\/wp\/v2\/comments?post=1806"}],"version-history":[{"count":40,"href":"https:\/\/www.smzychlin.pl\/index.php\/wp-json\/wp\/v2\/pages\/1806\/revisions"}],"predecessor-version":[{"id":2847,"href":"https:\/\/www.smzychlin.pl\/index.php\/wp-json\/wp\/v2\/pages\/1806\/revisions\/2847"}],"wp:attachment":[{"href":"https:\/\/www.smzychlin.pl\/index.php\/wp-json\/wp\/v2\/media?parent=1806"}],"curies":[{"name":"wp","href":"https:\/\/api.w.org\/{rel}","templated":true}]}}